51286?
1
What is the millions digit of 13013134?
3
What is the ten thousands digit of 634095?
3
What is the units digit of 41947426?
6
What is the millions digit of 1123873?
1
What is the thousands digit of 142171?
2
What is the hundred thousands digit of 377591?
3
What is the hundreds digit of 5905165?
1
What is the millions digit of 14914448?
4
What is the hundred thousands digit of 814728?
8
What is the tens digit of 637303?
0
What is the hundreds digit of 19254?
2
What is the hundred thousands digit of 29431314?
4
What is the hundred thousands digit of 1253167?
2
What is the ten thousands digit of 267440?
6
What is the hundreds digit of 2908894?
8
What is the units digit of 61047?
7
What is the tens digit of 4618322?
2
What is the hundred thousands digit of 2083519?
0
What is the millions digit of 2495494?
2
What is the units digit of 222666?
6
What is the ten thousands digit of 6820697?
2
What is the hundred thousands digit of 1124984?
1
What is the units digit of 7464505?
5
What is the hundreds digit of 9686251?
2
What is the millions digit of 1140108?
1
What is the tens digit of 1936091?
9
What is the ten thousands digit of 3085921?
8
What is the tens digit of 186690?
9
What is the tens digit of 427847?
4
What is the units digit of 224835?
5
What is the thousands digit of 990271?
0
What is the hundred thousands digit of 5910965?
9
What is the ten thousands digit of 693179?
9
What is the millions digit of 6464275?
6
What is the hundreds digit of 9347372?
3
What is the units digit of 154435?
5
What is the ten thousands digit of 4101543?
0
What is the hundreds digit of 1680036?
0
What is the millions digit of 1851165?
1
What is the units digit of 88138?
8
What is the tens digit of 16518640?
4
What is the hundred thousands digit of 6620845?
6
What is the hundreds digit of 2881524?
5
What is the millions digit of 1255555?
1
What is the ten thousands digit of 1693141?
9
What is the hundreds digit of 422955?
9
What is the tens digit of 1708456?
5
What is the millions digit of 15872022?
5
What is the tens digit of 763981?
8
What is the millions digit of 30279671?
0
What is the thousands digit of 33039446?
9
What is the tens digit of 1275267?
6
What is the ten millions digit of 10254158?
1
What is the hundreds digit of 4695250?
2
What is the tens digit of 9855952?
5
What is the millions digit of 2612891?
2
What is the ten thousands digit of 8809897?
0
What is the hundred thousands digit of 195956?
1
What is the tens digit of 8860699?
9
What is the ten thousands digit of 3456954?
5
What is the hundred thousands digit of 2092744?
0
What is the thousands digit of 114214?
4
What is the hundred thousands digit of 2334511?
3
What is the hundred thousands digit of 4591340?
5
What is the ten thousands digit of 203427?
0
What is the hundreds digit of 302757?
7
What is the tens digit of 1749972?
7
What is the ten thousands digit of 6814739?
1
What is the hundreds digit of 32666?
6
What is the units digit of 206183?
3
What is the ten thousands digit of 7544649?
4
What is the hundred thousands digit of 254708?
2
What is the units digit of 2707290?
0
What is the hundreds digit of 945607?
6
What is the tens digit of 357698?
9
What is the ten thousands digit of 5043349?
4
What is the hundred thousands digit of 7761055?
7
What is the hundreds digit of 2488002?
0
What is the ten thousands digit of 12584996?
8
What is the units digit of 132702?
2
What is the thousands digit of 3781465?
1
What is the tens digit of 211512?
1
What is the units digit of 162246?
6
What is the tens digit of 336541?
4
What is the units digit of 178908?
8
What is the hundred thousands digit of 132828?
1
What is the tens digit of 6567?
6
What is the tens digit of 484797?
9
What is the millions digit of 10497515?
0
What is the hundreds digit of 14355?
3
What is the hundred thousands digit of 4002152?
0
What is the units digit of 2626341?
1
What is the hundred thousands digit of 1984266?
9
What is the hundreds digit of 4490174?
1
What is the tens digit of 156198?
9
What is the thousands digit of 3554459?
4
What is the hundreds digit of 201521?
5
What is the hundred thousands digit of 7403149?
4
What is the ten thousands digit of 1772133?
7
What is the ten thousands digit of 78949?
7
What is the units digit of 5444214?
4
What is the thousands digit of 3198542?
8
What is the tens digit of 2612483?
8
What is the thousands digit of 5193407?
3
What is the hundred thousands digit of 10831277?
8
What is the units digit of 15173776?
6
What is the tens digit of 6913177?
7
What is the thousands digit of 147675?
7
What is the ten thousands digit of 12556912?
5
What is the units digit of 2575127?
7
What is the hundred thousands digit of 1671618?
6
What is the hundreds digit of 1099239?
2
What is the thousands digit of 1175305?
5
What is the millions digit of 1128188?
1
What is the thousands digit of 63396?
3
What is the millions digit of 1177824?
1
What is the thousands digit of 141242?
1
What is the thousands digit of 1835929?
5
What is the tens digit of 2466800?
0
What is the thousands digit of 1734013?
4
What is the thousands digit of 218298?
8
What is the ten thousands digit of 569821?
6
What is the hundreds digit of 118299?
2
What is the units digit of 786929?
9
What is the hundreds digit of 2582016?
0
What is the units digit of 864020?
0
What is the units digit of 320100?
0
What is the hundreds digit of 8430379?
3
What is the units digit of 647842?
2
What is the hundreds digit of 146929?
9
What is the tens digit of 1361420?
2
What is the tens digit of 1638805?
0
What is the units digit of 1100026?
6
What is the hundreds digit of 1411850?
8
What is the ten millions digit of 16322075?
1
What is the hundred thousands digit of 3962799?
9
What is the hundred thousands digit of 21390001?
3
What is the hundred thousands digit of 254932?
2
What is the millions digit of 2137529?
2
What is the hundreds digit of 5045275?
2
What is the units digit of 8749060?
0
What is the tens digit of 722806?
0
What is the tens digit of 142957?
5
What is the hundreds digit of 755217?
2
What is the tens digit of 42343513?
1
What is the hundred thousands digit of 831099?
8
What is the units digit of 23742?
2
What is the hundred thousands digit of 231551?
2
What is the tens digit of 12359857?
5
What is the thousands digit of 419321?
9
What is the tens digit of 950479?
7
What is the hundred thousands digit of 950278?
9
What is the tens digit of 831676?
7
What is the ten thousands digit of 209748?
0
What is the ten thousands digit of 561328?
6
What is the tens digit of 1650897?
9
What is the thousands digit of 10992817?
2
What is the ten thousands digit of 314617?
1
What is the thousands digit of 2343992?
3
What is the units digit of 11479?
9
What is the hundred thousands digit of 16431907?
4
What is the hundreds digit of 11538991?
9
What is the units digit of 296236?
6
What is the millions digit of 5602568?
5
What is the thousands digit of 631906?
1
What is the ten millions digit of 18828726?
1
What is the hundreds digit of 5596958?
9
What is the units digit of 1292697?
7
What is the millions digit of 1102897?
1
What is the millions digit of 1346910?
1
What is the tens digit of 162926?
2
What is the hundred thousands digit of 9175554?
1
What is the thousands digit of 2818086?
8
What is the hundreds digit of 36127244?
2
What is the tens digit of 70268?
6
What is the millions digit of 6365322?
6
What is the thousands digit of 568447?
8
What is the hundreds digit of 367176?
1
What is the hundred thousands digit of 137974?
1
What is the thousands digit of 215730?
5
What is the hundred thousands digit of 575750?
5
What is the thousands digit of 1387620?
7
What is the hundreds digit of 290092?
0
What is the thousands digit of 692991?
2
What is the hundred thousands digit of 11343643?
3
What is the thousands digit of 342245?
2
What is the ten thousands digit of 21497856?
9
What is the millions digit of 6413449?
6
What is the hundred thousands digit of 1291546?
2
What is the hundreds digit of 331653?
6
What is the ten thousands digit of 3128987?
2
What is the tens digit of 1478230?
3
What is the units digit of 7612939?
9
What is the thousands digit of 2235611?
5
What is the tens digit of 1155664?
6
What is the units digit of 1209